 ((-13)/3)/((-1)/3)?
12
What is the remainder when (12/1)/(-4) + 83 is divided by 9?
8
Suppose 3*k - 68 = -5. Calculate the remainder when k is divided by 22/77 - 75/(-7).
10
Let w be 2*(-1 - (-15)/6). Let g be (2 + 6 + 2)*w. Suppose 0 = 2*b - 3*r - g, -2*r - 1 = 7. What is the remainder when 26 is divided by b?
8
Let w be 185/(-2)*(0 + -2). Suppose -5*b + q = -4*q - w, -b = 2*q - 28. Let f = -20 + b. Calculate the remainder when f is divided by 4.
2
Let u = -16 - -33. What is the remainder when 49 is divided by u?
15
Let o = -72 - -83. Let x be (1 + 0 - 0)*4. What is the remainder when (2*-1)/(x/(-42)) is divided by o?
10
Let t = 43 + 0. What is the remainder when -1 + (0 - t/(-1)) is divided by 11?
9
Let r(c) = 5*c - 7. What is the remainder when r(7) is divided by 6?
4
Let i(l) = -l**3 - 4*l**2 + 7*l - 5. Let f(r) = 5*r**3 + r. Let m be f(-1). Calculate the remainder when i(m) is divided by 14.
11
Calculate the remainder when 3 - (-23 - (0 + -1)) is divided by 14.
11
Suppose 0 = 5*a + 10, -4*v - a + 0*a + 74 = 0. Calculate the remainder when 68 is divided by v.
11
Let a = -17 + 21. What is the remainder when 4 is divided by a?
0
Suppose -3*k - 2*q = -123, -q + 26 + 15 = k. Calculate the remainder when k is divided by 21.
20
Let j(f) = f + 14. Suppose 7*h - 4*h = 144. Calculate the remainder when h is divided by j(11).
23
Suppose -2*z + 4 + 0 = 0. Calculate the remainder when 47 is divided by z/(-3)*(-1 + -23).
15
Let m(q) = 4 - q**2 - 2 + 4 + 1 - q. Calculate the remainder when 2 - 2 - -3*4 is divided by m(0).
5
Let r(s) = -s**3 + 4*s**2 + 4. Let z be r(4). Calculate the remainder when 11 is divided by (0 - 4/4) + z.
2
Let m be 4/(-18) - (-110)/9. Let h = m + 4. Calculate the remainder when h is divided by 9.
7
Suppose -3*n = 3*m + 6, 6*m - 2*m = 5*n + 37. Suppose 5*u = 264 - 1014. Calculate the remainder when u/(-22) + 2/11 is divided by m.
1
Suppose 60 = 4*y + 3*a, 3*a - 86 = -5*y + 2*a. What is the remainder when 52 is divided by y?
16
Let n(k) = 6*k - 7. Suppose -6*y = -49 - 41. Calculate the remainder when n(6) is divided by y.
14
Suppose 6 = -2*p + 3*p. Let c(g) = -g**3 + 6*g**2 + 9*g - 8. Calculate the remainder when c(p) is divided by 16.
14
Suppose 4*x - 56 = -4*a, 0 = a + 4*a - 4*x - 34. Let q(l) = 2*l**2 - l**2 + 0*l - l - 1. Calculate the remainder when q(-5) is divided by a.
9
Let b = 1 + -2. Let h = 13 - 0. Calculate the remainder when ((-6)/9 + b)*-15 is divided by h.
12
Suppose 3*h - 5*t = 196, 2*h + 3*t + 64 = 3*h. Calculate the remainder when h is divided by 1/2 - 90/(-4).
21
Suppose 2*p + 22 = -4*z - 44, 87 = -2*p + 3*z. Let c = 69 + p. Calculate the remainder when c is divided by 8.
6
Let k(v) = 6*v - 74. Calculate the remainder when k(19) is divided by 12.
4
Let r(c) = -c**2 + 14*c - 7. Let o be r(7). Suppose 0*y = 3*y - o. Calculate the remainder when 25 is divided by y.
11
Suppose -5*m + 143 = -162. Let w = m - 13. Suppose -4*k - w = -8*k. What is the remainder when 35 is divided by k?
11
What is the remainder when 15 is divided by 4/(-14) + 260/28?
6
Suppose -3*p + 5*c + 94 = 0, 2*p + 0*c + c - 41 = 0. What is the remainder when p is divided by 8?
7
Let r(z) = -z**3 + 5*z**2 + z. Calculate the remainder when r(4) is divided by (-1*2 - -2) + 11.
9
Let a be ((-1)/(-3))/((-5)/(-795)). Suppose -a = -5*y + 27. Suppose 0*b + 3*b - 42 = -w, -b - w + y = 0. Calculate the remainder when b is divided by 5.
3
Suppose -2*g - 3 = 4*r - 1, -3*g = 3*r - 3. Let u be (-4)/10 + (-3)/5. What is the remainder when 27 is divided by (-2)/u*(g + 4)?
13
Let o = 15 + -14. What is the remainder when 34 + 6/2*o is divided by 10?
7
Let p be 2 + (-2*1 - -1). Suppose -3 = -2*t + p. Suppose 3*x - 8 = -t*h, -3*x - 1 + 4 = 3*h. What is the remainder when 11 is divided by x?
5
Let b = -9 + 14. Suppose x + 56 = b*x. Calculate the remainder when 54 is divided by x.
12
Let c be 1*2 + (1 - 2). Let l(a) = 7*a**2 - 3*a - 5. Let t(f) = 4*f**2 - f - 2. Let q(i) = -2*l(i) + 5*t(i). What is the remainder when 20 is divided by q(c)?
6
Suppose -35 = -5*x + 4*x. Let g = x - -46. Calculate the remainder when g is divided by 21.
18
Let i(o) = o - 7. Let r be i(8). Let w(y) = 25*y**2 - y + 1. What is the remainder when w(r) is divided by 9?
7
Let m be (-2 - (8 + -1))*-3. Let g = 5 + 20. Calculate the remainder when g is divided by (6/9)/(2/m).
7
Let w = 70 - 48. What is the remainder when w is divided by 12?
10
Let t(q) = -q**3 - 3*q**2 - 6*q - 5. Calculate the remainder when 68 is divided by t(-4).
33
Let j be -2 - (-2 + (-3 - -3)). Suppose -8*m = 3*x - 3*m + 11, -3*m - 12 = j. Suppose 2*t - 7 = x. Calculate the remainder when 9 is divided by t.
4
Let v(n) = n**2 + 7*n + 6. Suppose 5*f - 5*m + 5 = -0, -5*f - m = 23. Let r be v(f). What is the remainder when 15 is divided by (-8)/r*(10 - 4)?
7
Let s(a) = -a**3 - 10*a**2 - 2*a - 9. What is the remainder when s(-10) is divided by 4?
3
Suppose -2 = 3*v + 5*i - 13, -3*v + 2*i = -4. Suppose -v*b + 34 = 3*n, -3*n + 36 = n - 2*b. Calculate the remainder when 39 is divided by n.
9
Let r(k) = k**3 + 4*k - 3. Calculate the remainder when 25 is divided by r(2).
12
What is the remainder when 135 - (-2 - -4)/1 is divided by 27?
25
Suppose -k + 0 + 202 = 3*x, -3*x + 210 = 3*k. What is the remainder when x is divided by 17?
15
Let y = -79 - -3. Suppose 0 = -4*u - 3*d + 2*d - 172, 5*u + 3*d = -208. Let z = u - y. Calculate the remainder when z is divided by 17.
15
Let l = 23 + -7. What is the remainder when l + 3/(1 - 4) is divided by 8?
7
Let d(c) = 5*c - 3. Let m be d(5). Let q = m - 10. What is the remainder when 34 is divided by q?
10
Let w(g) = -g + 7. Calculate the remainder when (16/12)/(2/3) is divided by w(5).
0
Let j(z) = z**3 - 3*z**2 - 3*z. Let r be j(4). Suppose -g - r = 16. What is the remainder when 18 is divided by (-96)/g + 3/15?
3
Suppose z = -5*w + 17, 7*z + 3*w - 107 = 2*z. Calculate the remainder when z is divided by 6.
4
Let x = 164 - 154. Calculate the remainder when 59 is divided by x.
9
Let t(k) = k**2 + 8*k - 5. What is the remainder when t(-10) is divided by 10?
5
Let x(q) = -3*q**2 + 2*q + 5. Let t(r) = -6*r + 5*r**2 - 7 + 0*r - r + 4*r. Let o(c) = 5*t(c) + 8*x(c). Calculate the remainder when 12 is divided by o(0).
2
Suppose 1 = v, 0 = 5*n - 3*v - 213 + 46. Let c = n - 12. Calculate the remainder when c is divided by 6.
4
Suppose 0*q = -3*q + 78. Let y = -74 - -83. What is the remainder when q is divided by y?
8
Suppose 3*h - 2*w - 22 = -0*w, -5*w - 41 = -4*h. Suppose m - 6 = -0*m. What is the remainder when m is divided by h?
2
What is the remainder when 53 + (-4 - 14*(-4)/8) is divided by 12?
8
Let f(x) = x**3 + 2*x**2 + 2*x. Let y be (1/2)/(5/30). Let a be f(y). Suppose -a = -4*g + g. Calculate the remainder when g is divided by 9.
8
Suppose -o - 2*f + 29 = 0, 5*o = -5*f + 103 + 57. Calculate the remainder when o is divided by 24.
11
Suppose -185 = 5*g + 50. Let d = 78 + g. What is the remainder when d is divided by 17?
14
Suppose 0*z - 10 = -5*z + 5*x, 0 = -3*z + 5*x + 2. What is the remainder when 17 is divided by z?
1
Let c(q) = 33*q - 4. Let x be c(3). Suppose -2*u = -3*a - 29, -u + 3*a = 4*u - x. Calculate the remainder when u is divided by 12.
10
Let q = -89 - -217. What is the remainder when q is divided by 19?
14
Calculate the remainder when (6 - 0)/((-4)/(-26)) is divided by 10.
9
Suppose -4*x + 8 = -0. Suppose 4 = 2*y + 2. Let a = y + 1. Calculate the remainder when a is divided by x.
0
Suppose 3*t = -j + 16, -3*j + t = -18 - 20. Let f = 6 - -31. Calculate the remainder when f is divided by j.
11
Suppose 0 = -0*c + 4*c - 8. Suppose -r - 3 + 0 = 0, -c*r = a + 4. Let q(o) = 3*o**2 + o + 2. What is the remainder when q(a) is divided by 9?
7
Let f = 9 - 5. Let n = 38 - f. Calculate the remainder when n is divided by 12.
10
Suppose -4*o - 3*l + 3 = -8*l, 0 = -o + 5*l - 18. Calculate the remainder when 23 is divided by o.
2
Let m(s) = s**2 + 5*s - 97. Calculate the remainder when m(-15) is divided by 15.
8
Suppose -28 = -y + 17. Calculate the remainder when 49 is divided by 2 - 1/((-3)/y).
15
Let m(q) = q - 1. Let t be m(1). What is the remainder when 4/(-6)*-24 - t is divided by 9?
7
Let o(p) = -p**3 - 4*p**2 + 2. Suppose -3*n - 2*j = -18, -11 = -5*n + 2*j + j. Suppose 1 - n = -3*d. What is